erivative of a**4/4 - 19*a**3/6 + 3*a**2. Let z(t) = -7*t + 19. Let y(j) = 4*b(j) + 5*z(j). What are the prime factors of y(-7)?
2, 3
Let q(m) = 32*m**2 - 12*m + 8. Let r be q(2). What are the prime factors of (-2)/7 - (-128160)/r?
2, 11, 13
Let r = -53 + 32. Let u = -57 - -26. Let h = r - u. What are the prime factors of h?
2, 5
Let m(q) = 114*q - 4. Let l be m(-9). Let f = l + 1714. List the prime factors of f.
2, 3, 19
List the prime factors of (12 + -25)*-22 + -8.
2, 139
Suppose 9*y - 5*s + 2139 = 10*y, -2*y = -4*s - 4194. List the prime factors of y.
3, 19, 37
Let g be 1 + 1 - (-20*1 + -3). Let s = -175 - -180. Suppose j - g = -5*z + 73, 30 = 2*z + s*j. What are the prime factors of z?
2, 5
Suppose -4*a - 60*w + 7540 = -64*w, -4*a - 3*w = -7547. Suppose 0 = -3*s + a - 341. List the prime factors of s.
5, 103
Let p be (4380/90)/(374/(-378) + 1). Suppose 5*s + 1294 = p. What are the prime factors of s?
661
Let r(d) = 89*d**2 + 6*d - 8. Let u = -33 + 37. Let w be r(u). Suppose 5*n - w = -7*n. List the prime factors of n.
2, 3, 5
What are the prime factors of ((-8)/12)/(6*7/(-1002771))?
11, 1447
Let a = -26272 - -51282. List the prime factors of a.
2, 5, 41, 61
Let r(u) = -8*u - 11. Let z(p) be the first derivative of 5*p**2/2 + 15*p + 8. Let y be z(-5). List the prime factors of r(y).
3, 23
Let l(o) = o**2 + 7*o + 10. Let z be l(-4). What are the prime factors of 2/(z/(2025/(-1 - 2)))?
3, 5
Suppose 0 = -2*l + 3*x - 39, -4*l + x = -x + 66. Let b = 11 + l. What are the prime factors of 16/(-60)*-5*(-318)/b?
2, 53
Suppose 0 = -82*r - 17*r + 18*r + 572508. What are the prime factors of r?
2, 3, 19, 31
Let n(s) = 27597*s - 556. List the prime factors of n(2).
2, 17, 1607
Suppose 4*p - 5053 = -5*g, 5*g - 6545 = -5*p - 230. List the prime factors of p.
2, 631
Let l = 145 - 46. List the prime factors of (30/60)/(1/2)*l.
3, 11
Let s = -41213 - -110063. What are the prime factors of s?
2, 3, 5, 17
Let y = 699 - 57. Suppose y = 2*s - 2*d, -d - 1196 = -4*s + 76. List the prime factors of s.
317
Let w be (((-21)/6)/7)/(3/(-42)). Suppose 0 = 3*b, u - w*b + 5*b = 584. List the prime factors of u.
2, 73
Suppose -3*i - 73 = 20. Let q = -27 - i. Let c(m) = 6*m + 6. List the prime factors of c(q).
2, 3, 5
Suppose -22*s + 38870 + 34082 = 0. What are the prime factors of s?
2, 829
Let i be (-30)/(-10) + -454*(-1)/2. What are the prime factors of 20/i - (-16648)/46?
2, 181
Let n(y) = -y**3 + 18*y**2 + 6*y + 52. Let p be n(15). Suppose 5*l - x = 7159, 4*l = -x + p + 4903. What are the prime factors of l?
3, 53
Let d(g) = 4*g - 33. Let r be d(10). Suppose -2*z + r*z = 10. Suppose 0 = w - z*y - 143, -326 - 417 = -5*w + 3*y. List the prime factors of w.
151
Let y(r) = -4*r**2 - 18*r. Let d(i) = 9*i**2 + 37*i + 1. Let f(x) = 6*d(x) + 13*y(x). Let v be f(-9). Suppose -v = -4*b + b. List the prime factors of b.
2, 23
Let i(v) = -5*v - 22. Let m be i(-6). Suppose -45 = -m*o + 763. What are the prime factors of o?
101
Suppose -13*i + 102 = -93. Suppose -933 = i*c - 16*c. List the prime factors of c.
3, 311
Let l(f) = f**3 + 9*f**2 - 9*f - 11. Suppose -5*s = -o - 0*o + 3, -o = 2*s - 3. Suppose -3*i + o = 27. What are the prime factors of l(i)?
5
Suppose -3*j + 32 = -1. Suppose -j*k - 1161 = -20*k. List the prime factors of k.
3, 43
Let d = -132 + 104. What are the prime factors of d/84*(-879 + 0)?
293
Let v = 191 - 176. Let y(w) = -w**3 + 20*w**2 - 26*w + 55. List the prime factors of y(v).
2, 5, 79
Let f be 3/(-8 - -2) - 25774/(-4). Suppose 0 = 10*s + 7*s - f. What are the prime factors of s?
379
Suppose -4193 + 45357 = 13*u - 11161. List the prime factors of u.
5, 7, 23
Let f be (-8)/(2/36*(0 - 2)). Let q = 260 - f. What are the prime factors of q?
2, 47
Let h = 253 - 109. Let s = -98 + h. Suppose 41*u - s*u = -350. List the prime factors of u.
2, 5, 7
Suppose 14*f + 10*f + 1224 = 0. What are the prime factors of (-504)/120*(2 + f)*5?
3, 7
Suppose 0*c - 6 = -c. Suppose 39*g - 34*g - 2006 = -3*j, -3*j + 1206 = 3*g. Suppose g = -i + c*i. What are the prime factors of i?
2, 5
Let k = -547 - -549. Suppose 0 = 4*c + 3*m - 1720, -5*m = -k*m - 12. What are the prime factors of c?
7, 61
Suppose 19*b + 4*s = 20*b - 2947, 0 = -4*s + 16. Suppose -2*j + 3*u = -1981, -3*j = 2*u + 2*u - b. List the prime factors of j.
23, 43
Suppose -36*x + 5542961 - 2201909 = 162*x. List the prime factors of x.
2, 11, 13, 59
Suppose p + k - 151 = 6*p, 155 = -5*p + 5*k. What are the prime factors of (-1244)/(-3) - 10/p?
5, 83
What are the prime factors of (-5)/35 + (-2414115)/(-77)?
2, 3919
Let g(z) = 2*z**2. Let t = 53 - 48. Let j be g(t). Suppose -q + 0*f + j = -f, -3*q + f = -144. List the prime factors of q.
47
Let s be (2 - 1)/(1 + 37/(-38)). Let q be s*289/14 - 6/14. Suppose -2*h + q = 5*t + 140, 5*t - 650 = -5*h. List the prime factors of t.
2
Let h(y) = 71*y**3 + 5*y**2 - 32*y - 31. Let r(v) = -24*v**3 - 2*v**2 + 11*v + 11. Let n(d) = 3*h(d) + 8*r(d). List the prime factors of n(3).
23
Suppose -5*w = -l - 82, 5*w = 5*l + 4 + 86. Suppose w*g - 5463 - 8921 = 0. What are the prime factors of g?
29, 31
Let p(y) = -10*y - 2*y**3 + 57 - 13 - 12*y**2 + 7*y**2. List the prime factors of p(-7).
3, 5, 37
Suppose 109*o - 140*o = -14911. What are the prime factors of o?
13, 37
Let s(t) = t**3 + 5*t**2 + 2*t - 1. Let z be s(-2). Let b(w) = 2919*w**2 - 14 - 5832*w**2 + 2916*w**2. List the prime factors of b(z).
7, 19
Suppose k = -3*c + 104 - 381, 5*c - 2*k = -480. Let l = c - -336. What are the prime factors of l?
2, 11
Let s = 2831 - -4375. List the prime factors of s.
2, 3, 1201
Let y be (4/(-5) - (-154)/(-70))*-2. Suppose 3*k - 426 = 3*l, -y*l + l + 305 = 2*k. What are the prime factors of k?
5, 29
Let u(l) = l**3 - 17*l**2 - 59*l - 13. Let a be u(20). What are the prime factors of (-2)/a + (-14858)/(-161)?
2, 23
Let j = 41 + 17. Suppose -4*s = -s - 6, -2*s = 2*t + j. Let u = t - -33. What are the prime factors of u?
2
Let s = 21 - -1. Suppose s*w + 26 = 24*w. Let j = 10 + w. List the prime factors of j.
23
Let d = -36 + 55. Let r(z) = 24*z + 20 - 60*z + 19*z + d*z. What are the prime factors of r(7)?
2, 17
Suppose -20 = -5*a + 5. Suppose -t + 233 = -a*d, -3*t = -3*d - t - 144. Let v = d - -89. What are the prime factors of v?
43
Let m(q) = q**3 - 22*q**2 + 42*q - 46. Let w be m(20). What are the prime factors of (-3824)/w*((-17)/(-4) + -2)?
2, 3, 239
Suppose 130*p - 2505480 = -92*p + 841614. List the prime factors of p.
15077
Let g(i) = -617*i - 1 + 4 - 5 + 7. List the prime factors of g(-1).
2, 311
Let d(z) = z**2 + 5*z - 18. Let n be d(-8). Let y be 3/n*10 - 1. What are the prime factors of 228 + (-7 - -3)/y?
227
Suppose -12*l + 9*l - 3 = 0, 5*y + 2*l - 45593 = 0. Suppose -y = -12*r + 3349. What are the prime factors of r?
1039
Suppose -2*j = 5*g, -2*j + 2*g = 6*g - 2. Suppose 2*f - 10 = 0, -4*f - 3925 = -j*l + f. What are the prime factors of l?
2, 5, 79
Suppose 0 = -90*g - 11*g + 9*g + 605268. List the prime factors of g.
3, 17, 43
Suppose -y + 19*y = 36. Let l(f) = 2*f + 17. Let r be l(-7). Suppose y*v + 380 = 5*z, -3*z + 228 = -r*v + 4*v. What are the prime factors of z?
2, 19
Let s(a) = 114*a**2 - 1. Let w be s(-2). Suppose -4*c = -4*p + 12, 2*p + 4*c - 3 = 27. Suppose w = p*v - 70. List the prime factors of v.
3, 5
Let d(w) = -336*w. Let a be d(-1). Suppose 0 = l - 5*r - a, -1320 = -4*l + r - 5*r. List the prime factors of l.
331
Let v = -4351 + 9667. List the prime factors of v.
2, 3, 443
Let v(k) = k + 8. Let c be v(-6). Suppose -4*g = -c*g - 168. List the prime factors of (-1)/7 + 3624/g.
43
Let i(x) = -7*x**3 + 2*x**2 + 3*x. Let k be i(-3). Let v(y) = 3*y + 134. Let d be v(-38). Let u = k - d. What are the prime factors of u?
2, 89
Suppose -3*p = -2*p - t - 82, 2*t - 184 = -2*p. Suppose -38*d = -293 - p. What are the prime factors of d?
2, 5
Suppose -f + 2*d + 78 = -3*d, 196 = 3*f + 4*d. What are the prime factors of (-641)/(-2) - (-102)/f?
2, 7, 23
Suppose -3*o + 5*w = -120443, -3*w - 257928 = -4*o - 97352. List the prime factors of o.
137, 293
Let n(h) = 916*h**3 - h**2 + 45*h - 153. List the prime factors of n(4).
3, 5, 1303
Let q be (-3)/(-6)*(-1 - -7) + -12. List the prime factors of ((-708)/q)/((-12)/(-72)).
2, 59
Let b(w) = 12*w + 36. Suppose -3*y + 151 = 5*p - 61, 0 = 4*p + 3*y 